{"id":5654,"date":"2025-07-17T08:12:03","date_gmt":"2025-07-17T08:12:03","guid":{"rendered":"https:\/\/gspeurope.info\/sobre-el-spg\/sostenibilidad\/"},"modified":"2026-01-21T14:21:27","modified_gmt":"2026-01-21T14:21:27","slug":"sostenibilidad","status":"publish","type":"page","link":"https:\/\/www.gsp-europe.com\/es\/sobre-gsp\/sostenibilidad\/","title":{"rendered":"Sostenibilidad"},"content":{"rendered":"\t\t<div data-elementor-type=\"wp-page\" data-elementor-id=\"5654\" class=\"elementor elementor-5654 elementor-1115\" data-elementor-post-type=\"page\">\n\t\t\t\t<div class=\"elementor-element elementor-element-40bd39e e-flex e-con-boxed e-con e-parent\" data-id=\"40bd39e\" data-element_type=\"container\" data-e-type=\"container\" data-settings=\"{&quot;background_background&quot;:&quot;gradient&quot;,&quot;jet_parallax_layout_list&quot;:[]}\">\n\t\t\t\t\t<div class=\"e-con-inner\">\n\t\t<div class=\"elementor-element elementor-element-2e06893 e-con-full e-flex e-con e-child\" data-id=\"2e06893\" data-element_type=\"container\" data-e-type=\"container\" data-settings=\"{&quot;jet_parallax_layout_list&quot;:[]}\">\n\t\t\t\t<div class=\"elementor-element elementor-element-2632763 elementor-widget elementor-widget-heading\" data-id=\"2632763\" data-element_type=\"widget\" data-e-type=\"widget\" data-widget_type=\"heading.default\">\n\t\t\t\t\t<h2 class=\"elementor-heading-title elementor-size-default\">Rendimiento impulsado por la calidad<\/h2>\t\t\t\t<\/div>\n\t\t\t\t<div class=\"elementor-element elementor-element-57c786c elementor-widget elementor-widget-heading\" data-id=\"57c786c\" data-element_type=\"widget\" data-e-type=\"widget\" data-widget_type=\"heading.default\">\n\t\t\t\t\t<h2 class=\"elementor-heading-title elementor-size-default\">Sostenibilidad<\/h2>\t\t\t\t<\/div>\n\t\t\t\t<div class=\"elementor-element elementor-element-76f4340 elementor-widget elementor-widget-text-editor\" data-id=\"76f4340\" data-element_type=\"widget\" data-e-type=\"widget\" data-widget_type=\"text-editor.default\">\n\t\t\t\t\t\t\t\t\t<p>Una de nuestras tareas centrales es hacer una contribuci\u00f3n social. El cambio clim\u00e1tico y la escasez de energ\u00eda han aumentado la conciencia de sostenibilidad en todo el mundo. Por ello, GSP se compromete sistem\u00e1ticamente con el desarrollo sostenible.  <\/p>\t\t\t\t\t\t\t\t<\/div>\n\t\t\t\t<\/div>\n\t\t<div class=\"elementor-element elementor-element-f3fc15a e-con-full e-flex e-con e-child\" data-id=\"f3fc15a\" data-element_type=\"container\" data-e-type=\"container\" data-settings=\"{&quot;background_background&quot;:&quot;classic&quot;,&quot;jet_parallax_layout_list&quot;:[]}\">\n\t\t\t\t<\/div>\n\t\t<div class=\"elementor-element elementor-element-c5f5ee8 e-con-full elementor-hidden-mobile e-flex e-con e-child\" data-id=\"c5f5ee8\" data-element_type=\"container\" data-e-type=\"container\" data-settings=\"{&quot;background_background&quot;:&quot;gradient&quot;,&quot;position&quot;:&quot;absolute&quot;,&quot;jet_parallax_layout_list&quot;:[]}\">\n\t\t\t\t<\/div>\n\t\t\t\t\t<\/div>\n\t\t\t\t<\/div>\n\t\t<div class=\"elementor-element elementor-element-90602f0 e-flex e-con-boxed e-con e-parent\" data-id=\"90602f0\" data-element_type=\"container\" data-e-type=\"container\" data-settings=\"{&quot;background_background&quot;:&quot;classic&quot;,&quot;jet_parallax_layout_list&quot;:[]}\">\n\t\t\t\t\t<div class=\"e-con-inner\">\n\t\t<div class=\"elementor-element elementor-element-bb7382d e-con-full e-flex e-con e-child\" data-id=\"bb7382d\" data-element_type=\"container\" data-e-type=\"container\" data-settings=\"{&quot;jet_parallax_layout_list&quot;:[]}\">\n\t\t\t\t<div class=\"elementor-element elementor-element-2fafbe7 elementor-widget elementor-widget-heading\" data-id=\"2fafbe7\" data-element_type=\"widget\" data-e-type=\"widget\" data-widget_type=\"heading.default\">\n\t\t\t\t\t<h2 class=\"elementor-heading-title elementor-size-default\">Energ\u00eda solar en producci\u00f3n<\/h2>\t\t\t\t<\/div>\n\t\t\t\t<div class=\"elementor-element elementor-element-480b2bb elementor-widget elementor-widget-text-editor\" data-id=\"480b2bb\" data-element_type=\"widget\" data-e-type=\"widget\" data-widget_type=\"text-editor.default\">\n\t\t\t\t\t\t\t\t\t<p>La protecci\u00f3n del medio ambiente y del clima son una prioridad para nosotros. En nuestra f\u00e1brica de Nanjing tenemos una planta solar con 19.713 metros cuadrados de c\u00e9lulas solares. Esto genera una media de unos 3,6 millones de kilovatios hora de electricidad al a\u00f1o. Durante su vida \u00fatil prevista de 25 a\u00f1os, se producir\u00e1 un total de unos 90 millones de kWh, lo que corresponde a un ahorro de 89,73 millones de toneladas de CO2.   <\/p><p>Tambi\u00e9n invertimos continuamente en la expansi\u00f3n de las energ\u00edas renovables: en 2022, por ejemplo, se invirtieron otros 1,5 millones de USD en la construcci\u00f3n de dos plantas solares adicionales de 800 kW.<\/p>\t\t\t\t\t\t\t\t<\/div>\n\t\t\t\t<\/div>\n\t\t\t\t\t<\/div>\n\t\t\t\t<\/div>\n\t\t<div class=\"elementor-element elementor-element-8ad935d e-grid e-con-boxed e-con e-parent\" data-id=\"8ad935d\" data-element_type=\"container\" data-e-type=\"container\" data-settings=\"{&quot;jet_parallax_layout_list&quot;:[]}\">\n\t\t\t\t\t<div class=\"e-con-inner\">\n\t\t<div class=\"elementor-element elementor-element-0e76dff e-con-full e-flex elementor-invisible e-con e-child\" data-id=\"0e76dff\" data-element_type=\"container\" data-e-type=\"container\" data-settings=\"{&quot;background_background&quot;:&quot;gradient&quot;,&quot;jet_parallax_layout_list&quot;:[],&quot;animation&quot;:&quot;fadeIn&quot;,&quot;animation_delay&quot;:200}\">\n\t\t\t\t<div class=\"elementor-element elementor-element-9620515 elementor-widget elementor-widget-heading\" data-id=\"9620515\" data-element_type=\"widget\" data-e-type=\"widget\" data-widget_type=\"heading.default\">\n\t\t\t\t\t<h2 class=\"elementor-heading-title elementor-size-default\">Log\u00edstica y producci\u00f3n sostenibles<\/h2>\t\t\t\t<\/div>\n\t\t\t\t<div class=\"elementor-element elementor-element-99a0580 elementor-widget elementor-widget-text-editor\" data-id=\"99a0580\" data-element_type=\"widget\" data-e-type=\"widget\" data-widget_type=\"text-editor.default\">\n\t\t\t\t\t\t\t\t\t<p style=\"font-weight: 400;\">En todas nuestras f\u00e1bricas, utilizamos carretillas elevadoras el\u00e9ctricas en lugar de carretillas di\u00e9sel, con lo que reducimos significativamente las emisiones de gases de escape.<\/p>\t\t\t\t\t\t\t\t<\/div>\n\t\t\t\t<\/div>\n\t\t<div class=\"elementor-element elementor-element-8f252b3 e-con-full e-flex elementor-invisible e-con e-child\" data-id=\"8f252b3\" data-element_type=\"container\" data-e-type=\"container\" data-settings=\"{&quot;background_background&quot;:&quot;gradient&quot;,&quot;jet_parallax_layout_list&quot;:[],&quot;animation&quot;:&quot;fadeIn&quot;,&quot;animation_delay&quot;:200}\">\n\t\t\t\t<div class=\"elementor-element elementor-element-e5cc73c elementor-widget elementor-widget-heading\" data-id=\"e5cc73c\" data-element_type=\"widget\" data-e-type=\"widget\" data-widget_type=\"heading.default\">\n\t\t\t\t\t<h2 class=\"elementor-heading-title elementor-size-default\">Digitalizaci\u00f3n<\/h2>\t\t\t\t<\/div>\n\t\t\t\t<div class=\"elementor-element elementor-element-69db6e0 elementor-widget elementor-widget-text-editor\" data-id=\"69db6e0\" data-element_type=\"widget\" data-e-type=\"widget\" data-widget_type=\"text-editor.default\">\n\t\t\t\t\t\t\t\t\t<p>Estamos reduciendo considerablemente nuestro consumo de papel mediante una digitalizaci\u00f3n consecuente. Nuestra revista para empleados se publica exclusivamente en formato digital y ahorra unos 3.000 kilos de papel al a\u00f1o. Tambi\u00e9n prescindimos de los cat\u00e1logos impresos y ofrecemos en su lugar versiones digitales de alta calidad.  <\/p>\t\t\t\t\t\t\t\t<\/div>\n\t\t\t\t<\/div>\n\t\t<div class=\"elementor-element elementor-element-1d0bd55 e-con-full e-flex elementor-invisible e-con e-child\" data-id=\"1d0bd55\" data-element_type=\"container\" data-e-type=\"container\" data-settings=\"{&quot;background_background&quot;:&quot;gradient&quot;,&quot;jet_parallax_layout_list&quot;:[],&quot;animation&quot;:&quot;fadeIn&quot;,&quot;animation_delay&quot;:200}\">\n\t\t\t\t<div class=\"elementor-element elementor-element-0606531 elementor-widget elementor-widget-heading\" data-id=\"0606531\" data-element_type=\"widget\" data-e-type=\"widget\" data-widget_type=\"heading.default\">\n\t\t\t\t\t<h2 class=\"elementor-heading-title elementor-size-default\">Envases optimizados<\/h2>\t\t\t\t<\/div>\n\t\t\t\t<div class=\"elementor-element elementor-element-171ebc1 elementor-widget elementor-widget-text-editor\" data-id=\"171ebc1\" data-element_type=\"widget\" data-e-type=\"widget\" data-widget_type=\"text-editor.default\">\n\t\t\t\t\t\t\t\t\t<p style=\"font-weight: 400;\">Nuestros ingenieros de embalaje trabajan continuamente en soluciones que ahorren recursos. Siempre que es posible, prescindimos de los pal\u00e9s, siempre que se garantice la calidad del transporte. Tambi\u00e9n adaptamos con precisi\u00f3n el tama\u00f1o de las cajas a nuestros productos para evitar el consumo innecesario de material y espacio de transporte.  <\/p>\t\t\t\t\t\t\t\t<\/div>\n\t\t\t\t<\/div>\n\t\t<a class=\"elementor-element elementor-element-5648e28 e-con-full e-transform e-flex elementor-invisible e-con e-child\" data-id=\"5648e28\" data-element_type=\"container\" data-e-type=\"container\" data-settings=\"{&quot;background_background&quot;:&quot;gradient&quot;,&quot;jet_parallax_layout_list&quot;:[],&quot;animation&quot;:&quot;fadeIn&quot;,&quot;animation_delay&quot;:200,&quot;_transform_translateY_effect_hover&quot;:{&quot;unit&quot;:&quot;px&quot;,&quot;size&quot;:-5,&quot;sizes&quot;:[]},&quot;_transform_translateX_effect_hover&quot;:{&quot;unit&quot;:&quot;px&quot;,&quot;size&quot;:&quot;&quot;,&quot;sizes&quot;:[]},&quot;_transform_translateX_effect_hover_laptop&quot;:{&quot;unit&quot;:&quot;px&quot;,&quot;size&quot;:&quot;&quot;,&quot;sizes&quot;:[]},&quot;_transform_translateX_effect_hover_tablet&quot;:{&quot;unit&quot;:&quot;px&quot;,&quot;size&quot;:&quot;&quot;,&quot;sizes&quot;:[]},&quot;_transform_translateX_effect_hover_mobile&quot;:{&quot;unit&quot;:&quot;px&quot;,&quot;size&quot;:&quot;&quot;,&quot;sizes&quot;:[]},&quot;_transform_translateY_effect_hover_laptop&quot;:{&quot;unit&quot;:&quot;px&quot;,&quot;size&quot;:&quot;&quot;,&quot;sizes&quot;:[]},&quot;_transform_translateY_effect_hover_tablet&quot;:{&quot;unit&quot;:&quot;px&quot;,&quot;size&quot;:&quot;&quot;,&quot;sizes&quot;:[]},&quot;_transform_translateY_effect_hover_mobile&quot;:{&quot;unit&quot;:&quot;px&quot;,&quot;size&quot;:&quot;&quot;,&quot;sizes&quot;:[]}}\" href=\"https:\/\/2020.7mphoto.com\/gsp2\/index.html\" target=\"_blank\" rel=\"noopener\">\n\t\t\t\t<div class=\"elementor-element elementor-element-aebf33f elementor-widget elementor-widget-heading\" data-id=\"aebf33f\" data-element_type=\"widget\" data-e-type=\"widget\" data-widget_type=\"heading.default\">\n\t\t\t\t\t<h2 class=\"elementor-heading-title elementor-size-default\">F\u00e1brica virtual (RV)<\/h2>\t\t\t\t<\/div>\n\t\t\t\t<div class=\"elementor-element elementor-element-9c21acc elementor-widget elementor-widget-text-editor\" data-id=\"9c21acc\" data-element_type=\"widget\" data-e-type=\"widget\" data-widget_type=\"text-editor.default\">\n\t\t\t\t\t\t\t\t\t<p style=\"font-weight: 400;\">Con nuestra f\u00e1brica de RV, hacemos que los procesos de producci\u00f3n sean transparentes y puedan experimentarse virtualmente en cualquier momento. Los clientes pueden acceder online a las instalaciones de producci\u00f3n de todo el mundo sin tener que desplazarse al lugar. Esto no s\u00f3lo reduce las emisiones de CO2 de los viajes de negocios, sino que tambi\u00e9n mejora la comprensi\u00f3n de nuestros procesos y aumenta la comodidad para nuestros socios.  <\/p>\t\t\t\t\t\t\t\t<\/div>\n\t\t\t\t<\/a>\n\t\t\t\t\t<\/div>\n\t\t\t\t<\/div>\n\t\t\t\t<\/div>\n\t\t","protected":false},"excerpt":{"rendered":"<p>Rendimiento impulsado por la calidad Sostenibilidad Una de nuestras tareas centrales es hacer una contribuci\u00f3n social. El cambio clim\u00e1tico y la escasez de energ\u00eda han aumentado la conciencia de sostenibilidad en todo el mundo. Por ello, GSP se compromete sistem\u00e1ticamente con el desarrollo sostenible. Energ\u00eda solar en producci\u00f3n La protecci\u00f3n del medio ambiente y del [&hellip;]<\/p>\n","protected":false},"author":2,"featured_media":0,"parent":5608,"menu_order":0,"comment_status":"closed","ping_status":"closed","template":"","meta":{"footnotes":""},"class_list":["post-5654","page","type-page","status-publish","hentry"],"_links":{"self":[{"href":"https:\/\/www.gsp-europe.com\/es\/wp-json\/wp\/v2\/pages\/5654","targetHints":{"allow":["GET"]}}],"collection":[{"href":"https:\/\/www.gsp-europe.com\/es\/wp-json\/wp\/v2\/pages"}],"about":[{"href":"https:\/\/www.gsp-europe.com\/es\/wp-json\/wp\/v2\/types\/page"}],"author":[{"embeddable":true,"href":"https:\/\/www.gsp-europe.com\/es\/wp-json\/wp\/v2\/users\/2"}],"replies":[{"embeddable":true,"href":"https:\/\/www.gsp-europe.com\/es\/wp-json\/wp\/v2\/comments?post=5654"}],"version-history":[{"count":3,"href":"https:\/\/www.gsp-europe.com\/es\/wp-json\/wp\/v2\/pages\/5654\/revisions"}],"predecessor-version":[{"id":6574,"href":"https:\/\/www.gsp-europe.com\/es\/wp-json\/wp\/v2\/pages\/5654\/revisions\/6574"}],"up":[{"embeddable":true,"href":"https:\/\/www.gsp-europe.com\/es\/wp-json\/wp\/v2\/pages\/5608"}],"wp:attachment":[{"href":"https:\/\/www.gsp-europe.com\/es\/wp-json\/wp\/v2\/media?parent=5654"}],"curies":[{"name":"wp","href":"https:\/\/api.w.org\/{rel}","templated":true}]}}

<div data-elementor-type="wp-page" data-elementor-id="5654" class="elementor elementor-5654 elementor-1115" data-elementor-post-type="page">
				<div class="elementor-element elementor-element-40bd39e e-flex e-con-boxed e-con e-parent" data-id="40bd39e" data-element_type="container" data-e-type="container" data-settings="{&quot;background_background&quot;:&quot;gradient&quot;,&quot;jet_parallax_layout_list&quot;:[]}">
					<div class="e-con-inner">
		<div class="elementor-element elementor-element-2e06893 e-con-full e-flex e-con e-child" data-id="2e06893" data-element_type="container" data-e-type="container" data-settings="{&quot;jet_parallax_layout_list&quot;:[]}">
				<div class="elementor-element elementor-element-2632763 elementor-widget elementor-widget-heading" data-id="2632763" data-element_type="widget" data-e-type="widget" data-widget_type="heading.default">
					<h2 class="elementor-heading-title elementor-size-default">Rendimiento impulsado por la calidad</h2>				</div>
				<div class="elementor-element elementor-element-57c786c elementor-widget elementor-widget-heading" data-id="57c786c" data-element_type="widget" data-e-type="widget" data-widget_type="heading.default">
					<h2 class="elementor-heading-title elementor-size-default">Sostenibilidad</h2>				</div>
				<div class="elementor-element elementor-element-76f4340 elementor-widget elementor-widget-text-editor" data-id="76f4340" data-element_type="widget" data-e-type="widget" data-widget_type="text-editor.default">
									<p>Una de nuestras tareas centrales es hacer una contribución social. El cambio climático y la escasez de energía han aumentado la conciencia de sostenibilidad en todo el mundo. Por ello, GSP se compromete sistemáticamente con el desarrollo sostenible.  </p>								</div>
				</div>
		<div class="elementor-element elementor-element-f3fc15a e-con-full e-flex e-con e-child" data-id="f3fc15a" data-element_type="container" data-e-type="container" data-settings="{&quot;background_background&quot;:&quot;classic&quot;,&quot;jet_parallax_layout_list&quot;:[]}">
				</div>
		<div class="elementor-element elementor-element-c5f5ee8 e-con-full elementor-hidden-mobile e-flex e-con e-child" data-id="c5f5ee8" data-element_type="container" data-e-type="container" data-settings="{&quot;background_background&quot;:&quot;gradient&quot;,&quot;position&quot;:&quot;absolute&quot;,&quot;jet_parallax_layout_list&quot;:[]}">
				</div>
					</div>
				</div>
		<div class="elementor-element elementor-element-90602f0 e-flex e-con-boxed e-con e-parent" data-id="90602f0" data-element_type="container" data-e-type="container" data-settings="{&quot;background_background&quot;:&quot;classic&quot;,&quot;jet_parallax_layout_list&quot;:[]}">
					<div class="e-con-inner">
		<div class="elementor-element elementor-element-bb7382d e-con-full e-flex e-con e-child" data-id="bb7382d" data-element_type="container" data-e-type="container" data-settings="{&quot;jet_parallax_layout_list&quot;:[]}">
				<div class="elementor-element elementor-element-2fafbe7 elementor-widget elementor-widget-heading" data-id="2fafbe7" data-element_type="widget" data-e-type="widget" data-widget_type="heading.default">
					<h2 class="elementor-heading-title elementor-size-default">Energía solar en producción</h2>				</div>
				<div class="elementor-element elementor-element-480b2bb elementor-widget elementor-widget-text-editor" data-id="480b2bb" data-element_type="widget" data-e-type="widget" data-widget_type="text-editor.default">
									<p>La protección del medio ambiente y del clima son una prioridad para nosotros. En nuestra fábrica de Nanjing tenemos una planta solar con 19.713 metros cuadrados de células solares. Esto genera una media de unos 3,6 millones de kilovatios hora de electricidad al año. Durante su vida útil prevista de 25 años, se producirá un total de unos 90 millones de kWh, lo que corresponde a un ahorro de 89,73 millones de toneladas de CO2.   </p><p>También invertimos continuamente en la expansión de las energías renovables: en 2022, por ejemplo, se invirtieron otros 1,5 millones de USD en la construcción de dos plantas solares adicionales de 800 kW.</p>								</div>
				</div>
					</div>
				</div>
		<div class="elementor-element elementor-element-8ad935d e-grid e-con-boxed e-con e-parent" data-id="8ad935d" data-element_type="container" data-e-type="container" data-settings="{&quot;jet_parallax_layout_list&quot;:[]}">
					<div class="e-con-inner">
		<div class="elementor-element elementor-element-0e76dff e-con-full e-flex elementor-invisible e-con e-child" data-id="0e76dff" data-element_type="container" data-e-type="container" data-settings="{&quot;background_background&quot;:&quot;gradient&quot;,&quot;jet_parallax_layout_list&quot;:[],&quot;animation&quot;:&quot;fadeIn&quot;,&quot;animation_delay&quot;:200}">
				<div class="elementor-element elementor-element-9620515 elementor-widget elementor-widget-heading" data-id="9620515" data-element_type="widget" data-e-type="widget" data-widget_type="heading.default">
					<h2 class="elementor-heading-title elementor-size-default">Logística y producción sostenibles</h2>				</div>
				<div class="elementor-element elementor-element-99a0580 elementor-widget elementor-widget-text-editor" data-id="99a0580" data-element_type="widget" data-e-type="widget" data-widget_type="text-editor.default">
									<p style="font-weight: 400;">En todas nuestras fábricas, utilizamos carretillas elevadoras eléctricas en lugar de carretillas diésel, con lo que reducimos significativamente las emisiones de gases de escape.</p>								</div>
				</div>
		<div class="elementor-element elementor-element-8f252b3 e-con-full e-flex elementor-invisible e-con e-child" data-id="8f252b3" data-element_type="container" data-e-type="container" data-settings="{&quot;background_background&quot;:&quot;gradient&quot;,&quot;jet_parallax_layout_list&quot;:[],&quot;animation&quot;:&quot;fadeIn&quot;,&quot;animation_delay&quot;:200}">
				<div class="elementor-element elementor-element-e5cc73c elementor-widget elementor-widget-heading" data-id="e5cc73c" data-element_type="widget" data-e-type="widget" data-widget_type="heading.default">
					<h2 class="elementor-heading-title elementor-size-default">Digitalización</h2>				</div>
				<div class="elementor-element elementor-element-69db6e0 elementor-widget elementor-widget-text-editor" data-id="69db6e0" data-element_type="widget" data-e-type="widget" data-widget_type="text-editor.default">
									<p>Estamos reduciendo considerablemente nuestro consumo de papel mediante una digitalización consecuente. Nuestra revista para empleados se publica exclusivamente en formato digital y ahorra unos 3.000 kilos de papel al año. También prescindimos de los catálogos impresos y ofrecemos en su lugar versiones digitales de alta calidad.  </p>								</div>
				</div>
		<div class="elementor-element elementor-element-1d0bd55 e-con-full e-flex elementor-invisible e-con e-child" data-id="1d0bd55" data-element_type="container" data-e-type="container" data-settings="{&quot;background_background&quot;:&quot;gradient&quot;,&quot;jet_parallax_layout_list&quot;:[],&quot;animation&quot;:&quot;fadeIn&quot;,&quot;animation_delay&quot;:200}">
				<div class="elementor-element elementor-element-0606531 elementor-widget elementor-widget-heading" data-id="0606531" data-element_type="widget" data-e-type="widget" data-widget_type="heading.default">
					<h2 class="elementor-heading-title elementor-size-default">Envases optimizados</h2>				</div>
				<div class="elementor-element elementor-element-171ebc1 elementor-widget elementor-widget-text-editor" data-id="171ebc1" data-element_type="widget" data-e-type="widget" data-widget_type="text-editor.default">
									<p style="font-weight: 400;">Nuestros ingenieros de embalaje trabajan continuamente en soluciones que ahorren recursos. Siempre que es posible, prescindimos de los palés, siempre que se garantice la calidad del transporte. También adaptamos con precisión el tamaño de las cajas a nuestros productos para evitar el consumo innecesario de material y espacio de transporte.  </p>								</div>
				</div>
		<a class="elementor-element elementor-element-5648e28 e-con-full e-transform e-flex elementor-invisible e-con e-child" data-id="5648e28" data-element_type="container" data-e-type="container" data-settings="{&quot;background_background&quot;:&quot;gradient&quot;,&quot;jet_parallax_layout_list&quot;:[],&quot;animation&quot;:&quot;fadeIn&quot;,&quot;animation_delay&quot;:200,&quot;_transform_translateY_effect_hover&quot;:{&quot;unit&quot;:&quot;px&quot;,&quot;size&quot;:-5,&quot;sizes&quot;:[]},&quot;_transform_translateX_effect_hover&quot;:{&quot;unit&quot;:&quot;px&quot;,&quot;size&quot;:&quot;&quot;,&quot;sizes&quot;:[]},&quot;_transform_translateX_effect_hover_laptop&quot;:{&quot;unit&quot;:&quot;px&quot;,&quot;size&quot;:&quot;&quot;,&quot;sizes&quot;:[]},&quot;_transform_translateX_effect_hover_tablet&quot;:{&quot;unit&quot;:&quot;px&quot;,&quot;size&quot;:&quot;&quot;,&quot;sizes&quot;:[]},&quot;_transform_translateX_effect_hover_mobile&quot;:{&quot;unit&quot;:&quot;px&quot;,&quot;size&quot;:&quot;&quot;,&quot;sizes&quot;:[]},&quot;_transform_translateY_effect_hover_laptop&quot;:{&quot;unit&quot;:&quot;px&quot;,&quot;size&quot;:&quot;&quot;,&quot;sizes&quot;:[]},&quot;_transform_translateY_effect_hover_tablet&quot;:{&quot;unit&quot;:&quot;px&quot;,&quot;size&quot;:&quot;&quot;,&quot;sizes&quot;:[]},&quot;_transform_translateY_effect_hover_mobile&quot;:{&quot;unit&quot;:&quot;px&quot;,&quot;size&quot;:&quot;&quot;,&quot;sizes&quot;:[]}}" href="https://2020.7mphoto.com/gsp2/index.html" target="_blank" rel="noopener">
				<div class="elementor-element elementor-element-aebf33f elementor-widget elementor-widget-heading" data-id="aebf33f" data-element_type="widget" data-e-type="widget" data-widget_type="heading.default">
					<h2 class="elementor-heading-title elementor-size-default">Fábrica virtual (RV)</h2>				</div>
				<div class="elementor-element elementor-element-9c21acc elementor-widget elementor-widget-text-editor" data-id="9c21acc" data-element_type="widget" data-e-type="widget" data-widget_type="text-editor.default">
									<p style="font-weight: 400;">Con nuestra fábrica de RV, hacemos que los procesos de producción sean transparentes y puedan experimentarse virtualmente en cualquier momento. Los clientes pueden acceder online a las instalaciones de producción de todo el mundo sin tener que desplazarse al lugar. Esto no sólo reduce las emisiones de CO2 de los viajes de negocios, sino que también mejora la comprensión de nuestros procesos y aumenta la comodidad para nuestros socios.  </p>								</div>
				</a>
					</div>
				</div>
				</div>

<p>Rendimiento impulsado por la calidad Sostenibilidad Una de nuestras tareas centrales es hacer una contribución social. El cambio climático y la escasez de energía han aumentado la conciencia de sostenibilidad en todo el mundo. Por ello, GSP se compromete sistemáticamente con el desarrollo sostenible. Energía solar en producción La protección del medio ambiente y del [&hellip;]</p>
